at is -4eb + 1?
-4ea
In base 12, what is 2 - 382?
-380
In base 4, what is 0 - 303?
-303
In base 15, what is -7e8d + 2?
-7e8b
In base 12, what is -57 + -2?
-59
In base 11, what is -a6 - -1a?
-87
In base 13, what is -2 + 3b?
39
In base 8, what is 1 + 74?
75
In base 3, what is -21001 + 1?
-21000
In base 16, what is 34 + -4?
30
In base 15, what is -7 - 7?
-e
In base 2, what is -11 + 1101?
1010
In base 15, what is -2 + -16e?
-171
In base 8, what is 3 - 51?
-46
In base 8, what is 17 + -2?
15
In base 2, what is -11001000 + -11?
-11001011
In base 12, what is 315 + -8?
309
In base 7, what is -3026 - -11?
-3015
In base 11, what is 31a - 5?
315
In base 10, what is 1 - -1948?
1949
In base 14, what is 5 - 9a1?
-99a
In base 2, what is -101 + -100011000?
-100011101
In base 13, what is 6 + 63?
69
In base 11, what is 23 - 8?
16
In base 2, what is 10000 + 100101?
110101
In base 14, what is -1c0 - -8?
-1b6
In base 16, what is -3 - -4?
1
In base 9, what is 1 + -47?
-46
In base 9, what is -2116 + 2?
-2114
In base 7, what is 0 - 331?
-331
In base 7, what is 2 + -103?
-101
In base 16, what is 53 - -5a?
ad
In base 14, what is 4 + 4a?
50
In base 16, what is 4 - 27?
-23
In base 2, what is 101 - -111011010?
111011111
In base 16, what is -5 - a5?
-aa
In base 8, what is -24 - 11?
-35
In base 11, what is -658 - -3?
-655
In base 12, what is -39a - -1?
-399
In base 6, what is 1434 - 15?
1415
In base 12, what is -7 + 162?
157
In base 8, what is 101 - -12?
113
In base 8, what is -16 - 151?
-167
In base 11, what is 0 - 6?
-6
In base 10, what is -26 - -39?
13
In base 8, what is 0 - -2721?
2721
In base 12, what is -34a - 2?
-350
In base 11, what is -5 - -238?
233
In base 7, what is 306 - 102?
204
In base 2, what is -1000 - -10011111?
10010111
In base 11, what is 1 + 584?
585
In base 12, what is 4 - -105?
109
In base 14, what is 3 + -9?
-6
In base 13, what is -163 - 1?
-164
In base 6, what is -5253 - 0?
-5253
In base 2, what is 111101010 + -11?
111100111
In base 5, what is 211 + 0?
211
In base 6, what is -4 - 311?
-315
In base 5, what is -14123 + 0?
-14123
In base 7, what is 4 - -260?
264
In base 15, what is 9 - -b?
15
In base 13, what is 5 + -25?
-20
In base 2, what is -1100 - -100111?
11011
In base 6, what is 505 + 2?
511
In base 4, what is -2103 + 2101?
-2
In base 12, what is -5 + 2049?
2044
In base 12, what is 3 + 550?
553
In base 12, what is -5 - 1ba?
-203
In base 4, what is -1 - 300?
-301
In base 10, what is -1 + -2942?
-2943
In base 7, what is 1633 + -36?
1564
In base 12, what is -5 - -1731?
1728
In base 2, what is 111011 + 0?
111011
In base 4, what is 3 - -11?
20
In base 15, what is 18 + -1?
17
In base 7, what is 141 + 40?
211
In base 10, what is -1 + -3201?
-3202
In base 12, what is -1390 - -1?
-138b
In base 3, what is -20 - -201112?
201022
In base 9, what is 67 - -33?
111
In base 12, what is -4 - 29b4?
-29b8
In base 10, what is -4 - -816?
812
In base 15, what is -173 - -1?
-172
In base 5, what is 41 + 3?
44
In base 4, what is 1 - -312?
313
In base 16, what is -25 + 18?
-d
In base 10, what is 0 + 657?
657
In base 16, what is d84 + 1?
d85
In base 16, what is -5 - 12a?
-12f
In base 14, what is b9 - 18?
a1
In base 4, what is -2203133 + 0?
-2203133
In base 12, what is 909 - 0?
909
In base 2, what is 1 - 1001?
-1000
In base 6, what is -135002 + 2?
-135000
In base 9, what is 0 + -100?
-100
In base 10, what is 359 + 9?
368
In base 3, what is 111000122 - 10?
111000112
In base 10, what is -4 - 266?
-270
In base 15, what is -5 - -c6?
c1
In base 5, what is 13 + -112?
-44
In base 2, what is -10011100101 - -101?
-10011100000
In base 6, what is 0 + 545?
545
In base 8, what is 1070 - -1?
1071
In base 15, what is 5 + -11?
-b
In base 7, what is -2 + -253?
-255
In base 6, what is 3 - 221?
-214
In base 8, what is -51 + -515?
-566
In base 3, what is 1012100211 + -2?
1012100202
In base 11, what is 2a + -40?
-11
In base 6, what is 2 + 12205?
12211
In base 12, what is -113 + -30?
-143
In base 13, what is -1 + 1379?
1378
In base 10, what is 591 - -33?
624
In base 2, what is 101 + 1010111?
1011100
In base 5, what is 1 - -102141?
102142
In base 15, what is -18 - -4?
-14
In base 11, what is 26 - -18?
43
In base 4, what is -1200320 - 2?
-1200322
In base 16, what is 5 - -18?
1d
In base 2, what is -11011 + 10100?
-111
In base 4, what is 1 - -10212?
10213
In base 6, what is -50 + 1522?
1432
In base 16, what is 21e - -39?
257
In base 15, what is -233 + -9?
-23c
In base 10, what is -21 - 57?
-78
In base 8, what is 175 + -1?
174
In base 6, what is -1141 + -22?
-1203
In base 13, what is -20 - 5?
-25
In base 11, what is -62 - -4?
-59
In base 5, what is -4 - 1022?
-1031
In base 14, what is 13 - 143?
-130
In base 16, what is 31 + -14?
1d
In base 15, what is 1bc - -c?
1c9
In base 3, what is -2 + 1100?
1021
In base 13, what is -14 - 4?
-18
In base 8, what is 4 + 1030?
1034
In base 3, what is 0 - 101012?
-101012
In base 14, what is 97 - -3?
9a
In base 8, what is -131 - 5?
-136
In base 16, what is -2fa - 1?
-2fb
In base 11, what is -18 - 11?
-29
In base 7, what is 5 + 36?
44
In base 13, what is -73b6 - 2?
-73b8
In base 5, what is 31333 + 1?
31334
In base 11, what is 9 + 18?
26
In base 7, what is -223 - 113?
-336
In base 7, what is -120 + 22?
-65
In base 9, what is 408 - 13?
385
In base 10, what is -1 - 92?
-93
In base 14, what is -5 + 4bb?
4b6
In base 10, what is 76 - 4?
72
In base 16, what is e7 + 5?
ec
In base 15, what is -26 + 5?
-21
In base 10, what is 363 - -3?
366
In base 9, what is -6268 + 3?
-6265
In base 2, what is -110 + -10110?
-11100
In base 8, what is -233 + 4?
-227
In base 8, what is 3645 + -2?
3643
In base 4, what is -20121 - -11?
-20110
In base 2, what is -110001 + 1?
-110000
In base 15, what is 3 - 891?
-88d
In base 11, what is 2 - 198?
-196
In base 16, what is 6 - 6?
0
In base 11, what is 219 - 10?
209
In base 16, what is -100 - -2?
-fe
In base 6, what is -35 + 2?
-33
In base 6, what is 2 - 525?
-523
In base 9, what is -1 + -2234?
-2235
In base 14, what is -105 - 12?
-117
In base 16, what is 24a - 0?
24a
In base 12, what is 6 + a14?
a1a
In base 9, what is -58 + 4?
-54
In base 16, what is -177 + -3?
-17a
In base 8, what is 151 - 2?
147
In base 8, what is 3 - -7325?
7330
In base 11, what is 1 + 353?
354
In base 8, what is 2 - -11007?
11011
In base 16, what is 0 - -e3?
e3
In base 12, what is 0 - 190b?
-190b
In base 11, what is 10 + -131?
-121
In base 10, what is 10 + 19?
29
In base 5, what is 113441 - 3?
113433
In base 15, what is 160 - 1?
15e
In base 4, what is 22 + 223?
311
In base 3, what is 112220 - -100?
120020
In base 2, what is -101 + 10001101001101?
10001101001000
In base 8, what is -532 + 7?
-523
In base 14, what is 4 - -20?
24
In base 3, what is 102021000 + 2?
102021002
In base 10, what is 159 + -3?
156
In base 15, what is 218 - -4?
21c
In base 3, what is -10 - 11211100?
-11211110
In base 10, what is -3039 - -4?
-3035
In base 4, what is 3 + 312?
321
In base 13, what is -7b9 - 3?
-7bc
In base 11, what is -1 + 622?
621
In base 10, what is -13 + 16?
3
In base 6, what is -43 - 2?
-45
In base 15, what is 4 - -16d7?
16db
In base 12, what is -5 + -118?
-121
In base 12, what is -70 - -10b?
5b
In base 14, what is c7 + 2?
c9
In base 2, what is 1000 + -1000111?
-111111
In base 3, what is -10220 - 0?
-10220
In base 13, what is -3b + 20?
-1b
In base 16, what is -7b + -13?
-8e
In base 4, what is 10321 + 13?
11000
In base 5, what is -1422 - -102?
-1320
In base 3, what is 1 + 1202002?
1202010
In base 11, what is -a6 - 0?
-a6
In base 11, what is -23 - -12?
-11
In base 4, what is 33033 + -1?
33032
In base 13, what is -44 + 16?
-2b
In base 8, what is 4 - 763?
-757
In base 5, what is 1 + -4?
-3
In base 14, what is -3 + 2741?
273c
In base 12, what is -15 - -1?
-14
In base 10, what is 142 - 8?
134
In base 3, what is 22000 - 12?
21211
In base 9, what is 45 - 36?
8
In base 13, what is -163 + -1?
-164
In base 14, what is -138 - -18?
-120
In base 10, what is 0 + -3?
-3
In base 5, what is -14 - 23?
-42
In base 14, what is -22a + -2?
-22c
In base 8, what is -11720 + -3?
-11723
In base 2, what is -1010 - 101011?
-110101
In base 11, what is 1 + -740?
-73a
In base 2, what is -10 + 1000111111?
1000111101
In base 3, what is 1011 + -11?
1000
In base 7, what is 3134 - 1?
3133
In base 11, what is -5 + 5?
0
In base 5, w